{"id":198,"date":"2023-04-26T15:18:52","date_gmt":"2023-04-26T13:18:52","guid":{"rendered":"https:\/\/neu.beweglich-mit-hirn.de\/?page_id=198"},"modified":"2023-12-18T19:09:34","modified_gmt":"2023-12-18T18:09:34","slug":"feldenkrais-methode","status":"publish","type":"page","link":"https:\/\/www.beweglich-mit-hirn.de\/","title":{"rendered":"Feldenkrais-Methode"},"content":{"rendered":"<div class=\"style-391 style-local-198-c1 position-relative\" data-colibri-id=\"198-c1\">\n<div id=\"initial-content\" class=\"h-section h-section-global-spacing d-flex align-items-lg-center align-items-md-center align-items-center style-392 style-local-198-c2 position-relative\" data-colibri-component=\"section\" data-colibri-id=\"198-c2\">\n<h2><span style=\"font-family: trebuchet ms, geneva, sans-serif;\"><strong>Die Feldenkrais-Methode<\/strong><\/span><\/h2>\n<div class=\"h-section-grid-container h-section-boxed-container\">\n<div class=\"h-row-container gutters-row-lg-2 gutters-row-md-2 gutters-row-0 gutters-row-v-lg-2 gutters-row-v-md-2 gutters-row-v-2 style-393 style-local-198-c3 position-relative\" data-colibri-id=\"198-c3\">\n<div class=\"h-row justify-content-lg-center justify-content-md-center justify-content-center align-items-lg-stretch align-items-md-stretch align-items-stretch gutters-col-lg-2 gutters-col-md-2 gutters-col-0 gutters-col-v-lg-2 gutters-col-v-md-2 gutters-col-v-2\">\n<div class=\"h-column h-column-container d-flex h-col-lg-auto h-col-md-auto h-col-auto style-394-outer style-local-198-c4-outer\">\n<div class=\"d-flex h-flex-basis h-column__inner h-px-lg-2 h-px-md-2 h-px-2 v-inner-lg-2 v-inner-md-2 v-inner-2 style-394 style-local-198-c4 position-relative\" data-colibri-id=\"198-c4\">\n<div class=\"w-100 h-y-container h-column__content h-column__v-align flex-basis-100 align-self-lg-start align-self-md-start align-self-start\">\n<div class=\"style-395 style-local-198-c5 position-relative h-element\" data-colibri-id=\"198-c5\">\n<div>\n<div id=\"content_outright\">\n<div id=\"maincontent\">\n<div class=\"item-page\">\n<div>\n<h4><span style=\"font-family: trebuchet ms, geneva, sans-serif;\"><strong>beweglich mit Hirn &#8211; K\u00f6rperbewusstsein ohne Schablonen<\/strong><\/span><\/h4>\n<p><span style=\"font-family: trebuchet ms, geneva, sans-serif;\">Die Feldenkrais-Methode n\u00e4hert sich ganzheitlich und \u00e4u\u00dferst <strong>behutsam<\/strong> der Ursache von Fehlhaltungen und Schmerzen. Unser heutiges schnell getaktetes Leben l\u00e4sst uns Bewegung nur noch sehr reduziert erleben. Eine hohe Belastung am Arbeitsplatz, Stress durch Kummer oder Sorgen spiegeln sich in unseren Muskeln wieder, die wir unwillk\u00fcrlich anspannen. Wir bei\u00dfen z.B. die Z\u00e4hne zusammen und ziehen die Schultern hoch. Sch\u00e4dliche Bewegungsmuster und Schmerzen entstehen, und das Bewegungsspektrum wird immer eingeschr\u00e4nkter. Muskeln, die Sie nicht mehr benutzen, werden jedoch vom Gehirn vergessen. Durch die <strong>Schulung des Bewusstseins<\/strong> durch sanfte Bewegung wird die Kommunikation zwischen<strong> Muskeln und Gehirn<\/strong> wieder angeregt. Auch bei Menschen, die starke Bewegungseinschr\u00e4nkungen haben, kann eine <strong>h\u00f6here Beweglichkeit<\/strong> erreicht und die <strong>Lebensqualit\u00e4t<\/strong> entscheidend verbessert werden. Sie lernen, Ihre Gewohnheiten wahrzunehmen und zu ver\u00e4ndern. Entdecken Sie Bewegung neu und lernen Sie, Ihr <strong>K\u00f6rperbewusstsein<\/strong> ohne Schablonen nach den Gegebenheiten Ihres eigenen K\u00f6rpers zu schulen. Es gibt dabei kein \u201eFalsch\u201c oder \u201eRichtig\u201c, denn jeder Mensch hat andere Voraussetzungen. Durch die Erweiterung Ihrer k\u00f6rperlichen M\u00f6glichkeiten er\u00f6ffnen sich auch f\u00fcr Ihr gesamtes Bewusstsein <strong>neue Perspektiven.<\/strong><\/span><\/p>\n<p><span style=\"font-family: trebuchet ms, geneva, sans-serif;\"><strong>F\u00fcr wen ist die Feldenkrais-Methode geeignet?<\/strong> Die Feldenkraismethode ist f\u00fcr <em>jeden<\/em> geeignet. Egal, ob<strong> jung oder alt \u2013 dick oder d\u00fcnn &#8211; gelenkig oder ungelenkig<\/strong>: Jeder Mensch kann seine aktuelle Verfassung mit der Feldenkrais-Methode verbessern.Auch die t\u00e4glichen Bewegungsabl\u00e4ufe zu Hause,<strong> im Beruf, beim Sport oder beim Musizieren<\/strong> k\u00f6nnen mit dieser Methode optimiert werden und somit <strong>Spannungen und Schmerzen<\/strong> aufgel\u00f6st bzw. verhindert werden.<\/span><\/p>\n<\/div>\n<\/div>\n<\/div>\n<\/div>\n<\/div>\n<\/div>\n<\/div>\n<\/div>\n<\/div>\n<\/div>\n<\/div>\n<\/div>\n<\/div>\n<\/div>\n","protected":false},"excerpt":{"rendered":"<p>Die Feldenkrais-Methode beweglich mit Hirn &#8211; K\u00f6rperbewusstsein ohne Schablonen Die Feldenkrais-Methode n\u00e4hert sich ganzheitlich und \u00e4u\u00dferst behutsam der Ursache von Fehlhaltungen und Schmerzen. Unser heutiges schnell getaktetes Leben l\u00e4sst uns Bewegung nur noch sehr reduziert erleben. Eine hohe Belastung am Arbeitsplatz, Stress durch Kummer oder Sorgen spiegeln sich in unseren Muskeln wieder, die wir unwillk\u00fcrlich&hellip; <br \/> <a class=\"read-more\" href=\"https:\/\/www.beweglich-mit-hirn.de\/\">Weiterlesen<\/a><\/p>\n","protected":false},"author":1,"featured_media":702,"parent":0,"menu_order":0,"comment_status":"closed","ping_status":"closed","template":"page-templates\/page-with-right-sidebar.php","meta":{"footnotes":""},"class_list":["post-198","page","type-page","status-publish","has-post-thumbnail","hentry"],"_links":{"self":[{"href":"https:\/\/www.beweglich-mit-hirn.de\/index.php?rest_route=\/wp\/v2\/pages\/198","targetHints":{"allow":["GET"]}}],"collection":[{"href":"https:\/\/www.beweglich-mit-hirn.de\/index.php?rest_route=\/wp\/v2\/pages"}],"about":[{"href":"https:\/\/www.beweglich-mit-hirn.de\/index.php?rest_route=\/wp\/v2\/types\/page"}],"author":[{"embeddable":true,"href":"https:\/\/www.beweglich-mit-hirn.de\/index.php?rest_route=\/wp\/v2\/users\/1"}],"replies":[{"embeddable":true,"href":"https:\/\/www.beweglich-mit-hirn.de\/index.php?rest_route=%2Fwp%2Fv2%2Fcomments&post=198"}],"version-history":[{"count":26,"href":"https:\/\/www.beweglich-mit-hirn.de\/index.php?rest_route=\/wp\/v2\/pages\/198\/revisions"}],"predecessor-version":[{"id":772,"href":"https:\/\/www.beweglich-mit-hirn.de\/index.php?rest_route=\/wp\/v2\/pages\/198\/revisions\/772"}],"wp:featuredmedia":[{"embeddable":true,"href":"https:\/\/www.beweglich-mit-hirn.de\/index.php?rest_route=\/wp\/v2\/media\/702"}],"wp:attachment":[{"href":"https:\/\/www.beweglich-mit-hirn.de\/index.php?rest_route=%2Fwp%2Fv2%2Fmedia&parent=198"}],"curies":[{"name":"wp","href":"https:\/\/api.w.org\/{rel}","templated":true}]}}

<div class="style-391 style-local-198-c1 position-relative" data-colibri-id="198-c1">
<div id="initial-content" class="h-section h-section-global-spacing d-flex align-items-lg-center align-items-md-center align-items-center style-392 style-local-198-c2 position-relative" data-colibri-component="section" data-colibri-id="198-c2">
<h2><span style="font-family: trebuchet ms, geneva, sans-serif;"><strong>Die Feldenkrais-Methode</strong></span></h2>
<div class="h-section-grid-container h-section-boxed-container">
<div class="h-row-container gutters-row-lg-2 gutters-row-md-2 gutters-row-0 gutters-row-v-lg-2 gutters-row-v-md-2 gutters-row-v-2 style-393 style-local-198-c3 position-relative" data-colibri-id="198-c3">
<div class="h-row justify-content-lg-center justify-content-md-center justify-content-center align-items-lg-stretch align-items-md-stretch align-items-stretch gutters-col-lg-2 gutters-col-md-2 gutters-col-0 gutters-col-v-lg-2 gutters-col-v-md-2 gutters-col-v-2">
<div class="h-column h-column-container d-flex h-col-lg-auto h-col-md-auto h-col-auto style-394-outer style-local-198-c4-outer">
<div class="d-flex h-flex-basis h-column__inner h-px-lg-2 h-px-md-2 h-px-2 v-inner-lg-2 v-inner-md-2 v-inner-2 style-394 style-local-198-c4 position-relative" data-colibri-id="198-c4">
<div class="w-100 h-y-container h-column__content h-column__v-align flex-basis-100 align-self-lg-start align-self-md-start align-self-start">
<div class="style-395 style-local-198-c5 position-relative h-element" data-colibri-id="198-c5">
<div>
<div id="content_outright">
<div id="maincontent">
<div class="item-page">
<div>
<h4><span style="font-family: trebuchet ms, geneva, sans-serif;"><strong>beweglich mit Hirn &#8211; Körperbewusstsein ohne Schablonen</strong></span></h4>
<p><span style="font-family: trebuchet ms, geneva, sans-serif;">Die Feldenkrais-Methode nähert sich ganzheitlich und äußerst <strong>behutsam</strong> der Ursache von Fehlhaltungen und Schmerzen. Unser heutiges schnell getaktetes Leben lässt uns Bewegung nur noch sehr reduziert erleben. Eine hohe Belastung am Arbeitsplatz, Stress durch Kummer oder Sorgen spiegeln sich in unseren Muskeln wieder, die wir unwillkürlich anspannen. Wir beißen z.B. die Zähne zusammen und ziehen die Schultern hoch. Schädliche Bewegungsmuster und Schmerzen entstehen, und das Bewegungsspektrum wird immer eingeschränkter. Muskeln, die Sie nicht mehr benutzen, werden jedoch vom Gehirn vergessen. Durch die <strong>Schulung des Bewusstseins</strong> durch sanfte Bewegung wird die Kommunikation zwischen<strong> Muskeln und Gehirn</strong> wieder angeregt. Auch bei Menschen, die starke Bewegungseinschränkungen haben, kann eine <strong>höhere Beweglichkeit</strong> erreicht und die <strong>Lebensqualität</strong> entscheidend verbessert werden. Sie lernen, Ihre Gewohnheiten wahrzunehmen und zu verändern. Entdecken Sie Bewegung neu und lernen Sie, Ihr <strong>Körperbewusstsein</strong> ohne Schablonen nach den Gegebenheiten Ihres eigenen Körpers zu schulen. Es gibt dabei kein „Falsch“ oder „Richtig“, denn jeder Mensch hat andere Voraussetzungen. Durch die Erweiterung Ihrer körperlichen Möglichkeiten eröffnen sich auch für Ihr gesamtes Bewusstsein <strong>neue Perspektiven.</strong></span></p>
<p><span style="font-family: trebuchet ms, geneva, sans-serif;"><strong>Für wen ist die Feldenkrais-Methode geeignet?</strong> Die Feldenkraismethode ist für <em>jeden</em> geeignet. Egal, ob<strong> jung oder alt – dick oder dünn &#8211; gelenkig oder ungelenkig</strong>: Jeder Mensch kann seine aktuelle Verfassung mit der Feldenkrais-Methode verbessern.Auch die täglichen Bewegungsabläufe zu Hause,<strong> im Beruf, beim Sport oder beim Musizieren</strong> können mit dieser Methode optimiert werden und somit <strong>Spannungen und Schmerzen</strong> aufgelöst bzw. verhindert werden.</span></p>
</div>
</div>
</div>
</div>
</div>
</div>
</div>
</div>
</div>
</div>
</div>
</div>
</div>
</div>

<p>Die Feldenkrais-Methode beweglich mit Hirn &#8211; Körperbewusstsein ohne Schablonen Die Feldenkrais-Methode nähert sich ganzheitlich und äußerst behutsam der Ursache von Fehlhaltungen und Schmerzen. Unser heutiges schnell getaktetes Leben lässt uns Bewegung nur noch sehr reduziert erleben. Eine hohe Belastung am Arbeitsplatz, Stress durch Kummer oder Sorgen spiegeln sich in unseren Muskeln wieder, die wir unwillkürlich&hellip; <br /> <a class="read-more" href="https://www.beweglich-mit-hirn.de/">Weiterlesen</a></p>
